62309*n + 17. Calculate h(0).
17
Let q(l) = -l**2 - 79*l - 1595. Calculate q(-32).
-91
Let z(s) = 2*s**2 + 220*s + 6005. Determine z(-54).
-43
Let t(a) = -4*a**2 + 137*a + 1620. Give t(-10).
-150
Let o(u) = -8*u**2 + 817*u + 44083. Give o(-39).
52
Let t(s) = s**3 + 8*s**2 - 89*s + 41. Calculate t(-13).
353
Let k(b) = -2921*b + 90558. Give k(31).
7
Let u(t) = 7938*t + 1016070. Give u(-128).
6
Let s(v) = -2*v**3 + 58*v**2 + 64*v - 4467. Give s(27).
177
Let u(m) = -308*m**2 - 195912*m - 15266. Give u(-636).
-2
Let s(c) = 8*c**2 + 38*c + 722. Determine s(-17).
2388
Let v(m) = -7270*m + 2553. Calculate v(0).
2553
Let t(z) = 2*z**2 - 1317*z + 10591. Determine t(8).
183
Let n(p) = 4*p**3 + 326*p**2 + 484*p + 375. What is n(-80)?
55
Let q(n) = n**3 - 89*n**2 + 609*n - 363. What is q(81)?
-3522
Let i(l) = 41*l**2 + 2625*l - 10514. Determine i(4).
642
Let l(b) = 10690*b - 364848. Calculate l(34).
-1388
Let h(l) = 2*l**2 + 2496*l + 51645. Calculate h(-21).
111
Let x(o) = -2*o**3 - 37*o**2 + 4791*o + 696. Give x(-59).
-12
Let z(n) = -17*n**3 + 11*n**2 + 48*n + 40. Determine z(-4).
1112
Let t(l) = -l**2 - 26890*l - 188183. Give t(-7).
-2
Let x(d) = 3*d**3 - 24*d**2 - 5*d + 52. What is x(4)?
-160
Let f(q) = 3*q**2 + 11642*q + 34924. What is f(-3)?
25
Let q(a) = -587841*a + 6466254. Calculate q(11).
3
Let o(y) = 91*y + 15293. Calculate o(-143).
2280
Let k(t) = 75*t + 3440. Calculate k(-41).
365
Let m(p) = -7*p**2 + 1308*p - 1309. Give m(1).
-8
Let b(f) = 133*f**3 - 3724*f**2 - 4*f + 160. What is b(28)?
48
Let p(w) = 43*w**2 + 5279*w + 10377. Calculate p(-2).
-9
Let k(p) = 2*p**2 - 275*p + 7058. What is k(112)?
1346
Let h(l) = -17558*l**2 - 87875*l + 5. What is h(-5)?
430
Let s(q) = -37*q**2 - 3370*q - 283. Determine s(-91).
-10
Let u(p) = 1918*p + 2059. Determine u(1).
3977
Let f(c) = 7*c**3 + 56*c**2 + 10*c + 63. What is f(-8)?
-17
Let x(p) = -2*p**3 + 1384*p**2 - 1851*p + 324024. Calculate x(691).
-55
Let f(g) = -8*g**3 + 362*g**2 - 771*g + 30615. What is f(45)?
-30
Let r(o) = o**3 + 43*o**2 + 67*o + 256. Calculate r(-22).
8946
Let d(c) = -172*c + 2785. Determine d(11).
893
Let v(p) = p**3 + 50*p**2 + 3037*p + 157483. Give v(-51).
-5
Let n(m) = m**3 + 29*m**2 + 13*m + 11463. Determine n(-37).
30
Let f(k) = 392*k - 12156. Give f(31).
-4
Let z(g) = -g**3 - 1026*g**2 - 25069*g - 44056. Determine z(-1001).
-12
Let x(u) = -442*u**2 + 295253*u + 2000. Determine x(668).
-4
Let k(m) = 6*m**2 - 191*m - 935. Calculate k(-5).
170
Let c(i) = -i**2 + 55337*i - 2819584. Determine c(51).
2
Let a(o) = -10*o**3 - 2271*o**2 + 4346*o - 1138. What is a(-229)?
7
Let k(m) = -2*m**2 - 230*m - 6087. Calculate k(-39).
-159
Let j(b) = -b**3 - 701*b**2 + 7828*b - 2855. What is j(-712)?
-7
Let k(s) = s**3 - 7*s**2 + 3*s + 17. What is k(0)?
17
Let l(o) = o**3 - 156*o**2 + 212*o - 32942. Determine l(156).
130
Let u(y) = -482*y + 27434. Give u(57).
-40
Let c(b) = 64*b - 4255. What is c(37)?
-1887
Let b(s) = 16633*s - 199587. What is b(12)?
9
Let i(g) = -33143*g - 16. Give i(0).
-16
Let a(j) = 2*j**2 - 12742*j - 1136778. Determine a(-88).
6
Let a(m) = 14*m**3 - 135*m**2 - 5*m + 260. What is a(10)?
710
Let h(c) = -c**3 + 57*c**2 - 161*c - 364. Give h(54).
-310
Let h(m) = 95*m + 14972. Calculate h(-163).
-513
Let k(h) = -11390*h + 22017. Calculate k(2).
-763
Let c(o) = o**2 - 547*o + 7053. Calculate c(13).
111
Let i(c) = c**3 - 60*c**2 - 471*c + 21497. Determine i(62).
-17
Let f(n) = 3660*n + 889403. What is f(-243)?
23
Let u(m) = 307*m - 2511. What is u(7)?
-362
Let g(j) = -2737*j - 180649. Give g(-66).
-7
Let f(z) = 617263*z + 617259. Calculate f(-1).
-4
Let a(u) = -2*u**2 - 10146*u - 60866. What is a(-6)?
-62
Let h(l) = 2*l**2 + 945879*l. Calculate h(0).
0
Let x(z) = -2*z**3 - 51*z**2 + 19*z - 530. Determine x(-26).
-348
Let n(k) = -k**2 - 168*k - 2340. What is n(-16)?
92
Let t(x) = 14*x**2 - 822*x + 2854. What is t(55)?
-6
Let t(y) = -y**3 + 246*y**2 - 12919*y - 57. What is t(76)?
19
Let u(b) = -6*b**2 - 174*b - 1303. What is u(-18)?
-115
Let s(q) = -57*q - 7346. What is s(-130)?
64
Let t(m) = 129*m**2 + 83*m - 255. Calculate t(3).
1155
Let f(p) = 19033*p - 19030. Give f(1).
3
Let n(g) = g**3 - 20*g**2 - 140*g - 427. Give n(26).
-11
Let j(w) = 162*w**2 - 5476*w - 1080. What is j(34)?
8
Let x(o) = -12*o**2 + 1520*o - 20633. Give x(14).
-1705
Let l(y) = y**3 + 32*y**2 - 181*y - 828. Give l(-36).
504
Let y(u) = -13778*u + 13789. Determine y(1).
11
Let o(d) = -d**3 - 18*d**2 - 9*d - 113. Determine o(-12).
-869
Let o(s) = -364*s - 131040. Determine o(-360).
0
Let c(t) = -t**3 - 36*t**2 - 202*t + 118. Calculate c(-29).
89
Let y(l) = -5802*l + 1172274. Determine y(202).
270
Let d(w) = -125*w - 5753. Determine d(-50).
497
Let q(n) = 459*n + 4643. What is q(-10)?
53
Let u(q) = -975*q - 648378. Give u(-665).
-3
Let d(y) = -495*y**2 + 998*y + 6. Calculate d(2).
22
Let k(s) = -5*s**3 + 14*s**2 - 76*s + 508. Determine k(6).
-524
Let m(i) = i**2 - 1993*i - 1128401. What is m(-460)?
-21
Let d(x) = 3*x**2 - 17531*x + 87595. Determine d(5).
15
Let j(k) = 3*k**3 - 297*k**2 - 2965*k - 436. Calculate j(-9).
5
Let x(d) = 760*d + 14131. What is x(-19)?
-309
Let m(p) = p**2 - 40*p - 14248. Give m(-103).
481
Let i(a) = 25784*a + 257832. Determine i(-10).
-8
Let x(p) = -p**2 - 370784*p - 20390087. Determine x(-55).
8
Let o(w) = w**2 + 4504*w - 27336. Give o(6).
-276
Let n(f) = 18*f**2 - 18*f - 110. Give n(-3).
106
Let p(o) = -2*o**3 - 46*o**2 + 2248*o + 188. Determine p(24).
-4
Let p(h) = 4*h**3 - 2945*h**2 + 24026*h - 1450. What is p(728)?
6
Let y(w) = w**2 + 62*w - 2065. Calculate y(19).
-526
Let a(u) = -279*u - 97150. Calculate a(-348).
-58
Let m(g) = -2292*g + 174179. Give m(76).
-13
Let m(p) = -10*p**3 + 457*p**2 + 606*p + 167. What is m(47)?
-68
Let c(r) = 4705*r - 522264. What is c(111)?
-9
Let y(m) = 755*m + 2239. Give y(-3).
-26
Let c(r) = r**2 + 3001*r - 202461. Calculate c(66).
-39
Let o(n) = 738092*n - 22880854. Determine o(31).
-2
Let z(k) = -8*k**2 + 2140*k + 17644. What is z(-8)?
12
Let w(y) = -87*y**2 + 1183*y + 123. Calculate w(14).
-367
Let u(s) = -1159*s + 42857. Determine u(37).
-26
Let f(k) = 22*k + 2380. What is f(-107)?
26
Let g(f) = -1695*f**2 + 16331*f - 9689. Calculate g(9).
-5
Let m(x) = 359*x + 70069. Give m(-195).
64
Let u(v) = 91724*v + 733790. Calculate u(-8).
-2
Let j(d) = 710*d - 11261. Determine j(14).
-1321
Let d(p) = p**3 + 61*p**2 + 226*p - 213. Determine d(-57).
-99
Let i(l) = -400*l**2 + 16355*l + 1845. Determine i(41).
0
Let q(a) = a**2 + 56512*a + 3556290. Determine q(-63).
3
Let u(c) = -61*c**3 - c**2 + 16*c + 31. Calculate u(-2).
483
Let s(u) = -2*u**3 + 4*u**2 + 120*u - 73. What is s(-14)?
4519
Let y(m) = 15*m**2 - 39*m - 37. Give y(8).
611
Let u(f) = 2*f**2 - 247*f - 217. Give u(120).
-1057
Let b(t) = -122719*t + 2086231. Give b(17).
8
Let t(k) = -k**3 + 26*k**2 - 1126*k + 29360. Give t(26).
84
Let i(o) = 5*o**3 - 142*o**2 - 94*o + 193. Calculate i(29).
-10
Let m(a) = -9*a**2 + 651*a + 432. What is m(73)?
-6
Let z(w) = -w**3 + 29*w**2 + 3833*w - 263. Give z(78).
595
Let a(y) = 1488*y + 168155. Determine a(-113).
11
Let w(k) = 6*k**3 + 462*k**2 + 11*k + 1382. Give w(-77).
535
Let u(k) = -14003*k + 42039. Give u(3).
30
Let p(d) = 2518*d - 9947. What is p(4)?
125
Let s(i) = 288*i + 12438. Give s(-51).
-2250
Let b(p) = p**3 - 10*p**2 - 305*p + 3418. Determine b(12).
46
Let t(u) = -2*u**3 + 158*u**2 + 131*u + 2306. Determine t(80).
-14
Let g(u) = 5*u**3 + 993*u**2 + 547*u - 9270. Calculate g(-198).
36
Let s(a) = 146*a - 27299. What is s(187)?
3
Let s(x) = 480*x + 94871. What is s(-198)?
-169
Let w(q) = -q**3 + 58*q**2 - 630*q - 218. Calculate w(15).
7
Let r(p) = 35020*p + 14148085. What is r(-404)?
5
Let a(y) = -4*y**3 - 157*y**2 - 8*y + 93. What is a(-39)?
-1116
Let g(b) = -1152*b - 375576. What is g(-326)?
-24
Let y(s) = 944*s**2 - 14212*s + 821. Calculate y(15).
41
Let x(o) = 4*o**2 + 290*o - 5812. Give x(-90).
488
Let j(a) = -636*a**2 + 716*a - 81. What is j(1)?
-1
Let o(k) = -3*k**2 - 21*k - 287. Calculate o(0).
-287
Let s(z) = 507*z**2 - 55762*z - 926. Calculate s(110).
-46
Let c(g) = 74202*g + 5713556. Calculate c(-77).
2
Let z(b) = -25*b**2 + 86*b - 490. What is z(7)?
-1113
Let i(o) = -6015*o - 270682. What is i(-45)?
-7
Let k(x) = -48*x**2 + 2685*x + 8483. 